{"id":2,"date":"2023-05-07T23:30:59","date_gmt":"2023-05-07T23:30:59","guid":{"rendered":"https:\/\/gi3.cl\/nueva\/?page_id=2"},"modified":"2023-06-22T19:26:35","modified_gmt":"2023-06-22T19:26:35","slug":"sample-page","status":"publish","type":"page","link":"https:\/\/gi3.cl\/","title":{"rendered":"Inicio"},"content":{"rendered":"\n<div class=\"wp-block-cover alignfull\" style=\"margin-top:0;padding-top:5vw;padding-right:5vw;padding-bottom:5vw;padding-left:5vw;min-height:25vh\"><span aria-hidden=\"true\" class=\"wp-block-cover__background has-virtue-primary-background-color has-background-dim-60 has-background-dim\"><\/span><img decoding=\"async\" loading=\"lazy\" width=\"1199\" height=\"674\" class=\"wp-block-cover__image-background wp-image-106\" alt=\"\" src=\"https:\/\/gi3.cl\/nueva\/wp-content\/uploads\/2023\/05\/que-es-el-metodo-descriptivo-y-ejemplosbyn-1.jpg\" data-object-fit=\"cover\" srcset=\"https:\/\/gi3.cl\/wp-content\/uploads\/2023\/05\/que-es-el-metodo-descriptivo-y-ejemplosbyn-1.jpg 1199w, https:\/\/gi3.cl\/wp-content\/uploads\/2023\/05\/que-es-el-metodo-descriptivo-y-ejemplosbyn-1-300x169.jpg 300w, https:\/\/gi3.cl\/wp-content\/uploads\/2023\/05\/que-es-el-metodo-descriptivo-y-ejemplosbyn-1-1024x576.jpg 1024w, https:\/\/gi3.cl\/wp-content\/uploads\/2023\/05\/que-es-el-metodo-descriptivo-y-ejemplosbyn-1-768x432.jpg 768w\" sizes=\"(max-width: 1199px) 100vw, 1199px\" \/><div class=\"wp-block-cover__inner-container\">\n<div class=\"wp-block-group wp-container-content-1 is-vertical is-nowrap is-layout-flex wp-container-2\">\n<blockquote class=\"wp-block-quote\">\n<p class=\"has-text-align-left has-white-color has-text-color has-source-serif-pro-font-family\" style=\"font-size:47px;font-style:italic;font-weight:900;letter-spacing:-4px;line-height:0.8;text-transform:none\">Gesti\u00f3n de Ingenier\u00eda 3D<\/p>\n\n\n\n<p>Somos una empresa consultora en Direcci\u00f3n y Gesti\u00f3n de proyectos, formada por un equipo de alto nivel profesional, expertos con objetivos, principios y m\u00e9todos para el desarrollo de proyectos alineados a las buenas practicas en gesti\u00f3n de proyectos Project Management Institute, Lean Construction y entidades nacionales, lo cual, nos permite agregar valor a los objetivos de su compa\u00f1\u00eda e instituci\u00f3n, permitiendo un mejor desempe\u00f1o de los proyectos<\/p>\n<\/blockquote>\n\n\n\n<div style=\"height:39px\" aria-hidden=\"true\" class=\"wp-block-spacer\"><\/div>\n<\/div>\n\n\n\n<div class=\"wp-block-buttons is-content-justification-right is-layout-flex wp-container-3\">\n<div class=\"wp-block-button\"><a class=\"wp-block-button__link wp-element-button\" href=\"https:\/\/gi3.cl\/index.php\/nuestra-empresa\/\">Leer m\u00e1s<\/a><\/div>\n<\/div>\n<\/div><\/div>\n\n\n\n<h2 class=\"wp-block-heading has-text-align-center\">Nuestra Experiencia<\/h2>\n\n\n\n<div class=\"wp-block-columns alignwide is-layout-flex wp-container-10\">\n<div class=\"wp-block-column is-layout-flow\" style=\"flex-basis:50%\">\n<div class=\"wp-duotone-unset-5 wp-block-cover aligncenter is-light\" style=\"min-height:618px\"><span aria-hidden=\"true\" class=\"wp-block-cover__background has-white-background-color has-background-dim-0 has-background-dim\"><\/span><div class=\"wp-block-cover__inner-container\">\n<figure class=\"wp-duotone-unset-4 wp-block-image size-full is-resized\"><img decoding=\"async\" loading=\"lazy\" src=\"https:\/\/gi3.cl\/nueva\/wp-content\/uploads\/2023\/05\/experiencia.png\" alt=\"\" class=\"wp-image-125\" width=\"514\" height=\"399\" srcset=\"https:\/\/gi3.cl\/wp-content\/uploads\/2023\/05\/experiencia.png 668w, https:\/\/gi3.cl\/wp-content\/uploads\/2023\/05\/experiencia-300x233.png 300w\" sizes=\"(max-width: 514px) 100vw, 514px\" \/><\/figure>\n<\/div><\/div>\n<\/div>\n\n\n\n<div class=\"wp-block-column is-vertically-aligned-center is-layout-flow\" style=\"padding-top:1em;padding-right:1em;padding-bottom:1em;padding-left:1em\">\n<div class=\"wp-block-columns is-layout-flex wp-container-8\">\n<div class=\"wp-block-column is-layout-flow\" style=\"flex-basis:320px\">\n<ul>\n<li class=\"has-small-font-size\">+ 20.000 [HH] PMO Miner\u00eda &#8211; Planificaci\u00f3n y Control de Proyectos.<\/li>\n\n\n\n<li class=\"has-small-font-size\">+ 20.800 [m2] Gerenciamiento de Proyectos.<\/li>\n\n\n\n<li class=\"has-small-font-size\">+ 35.000 [m2] en Asesor\u00edas de Inspecci\u00f3n T\u00e9cnica de Obras.<\/li>\n\n\n\n<li class=\"has-small-font-size\">+ 50.000 [HH] Servicio Control Paradas de Plantas Industriales<\/li>\n\n\n\n<li class=\"has-small-font-size\">+ 34.400 [U.F] (US $1.3 M) Servicio<\/li>\n\n\n\n<li class=\"has-small-font-size\">cuantificaci\u00f3n de da\u00f1os costo y plazo en proyectos por concepto de multas.<\/li>\n<\/ul>\n\n\n\n<blockquote class=\"wp-block-quote is-style-plain has-very-light-gray-background-color has-background\">\n<p class=\"has-small-font-size\">Actualmente nuestra compa\u00f1\u00eda tiene presencia en las \u00e1reas:<br>\u25aa Miner\u00eda<br>\u25aa Energ\u00eda<br>\u25aa Industrial<br>\u25aa Infraestructura<br>A trav\u00e9s de las t\u00e9cnicas y buenas practicas de Gesti\u00f3n de proyectos junto a nuestro<br>convenio de Partners entregamos el mejor soporte a nuestros clientes para el desarrollo de su propuesta de valor.<\/p>\n<\/blockquote>\n<\/div>\n<\/div>\n<\/div>\n<\/div>\n\n\n\n<h2 class=\"wp-block-heading has-text-align-center\">Proyectos en Ejecuci\u00f3n<\/h2>\n\n\n<div class='white' style='background:rgb(255, 255, 255); border:solid 10px rgb(255, 255, 255); border-radius:0px; padding:0px 0px 0px 0px;'>\n<div id='slider_339' class='owl-carousel sa_owl_theme owl-pagination-true autohide-arrows' data-slider-id='slider_339' style='visibility:hidden;'>\n<div id='slider_339_slide01' class='sa_hover_container' style='padding:5% 5%; margin:0px 2%; background-image:url(&quot;https:\/\/gi3.cl\/wp-content\/uploads\/2023\/06\/proyecto1.jpg&quot;); background-position:left top; background-size:100% 100%; background-repeat:no-repeat; '><div class='sa_hover_buttons' style='bottom:0px; left:50%; margin-left:-20px;'><a class='sa_slide_link_icon' href='https:\/\/gi3.cl\/index.php\/proyectos-en-ejecucion\/' target='_self' title='' aria-label=''><\/a><\/div>\n<p>&nbsp;<\/p>\r\n<p>&nbsp;<\/p><\/div>\n<div id='slider_339_slide02' class='sa_hover_container' style='padding:5% 5%; margin:0px 2%; background-image:url(&quot;https:\/\/gi3.cl\/wp-content\/uploads\/2023\/06\/proyecto2.jpg&quot;); background-position:left top; background-size:100% 100%; background-repeat:no-repeat; '><div class='sa_hover_buttons' style='bottom:0px; left:50%; margin-left:-20px;'><a class='sa_slide_link_icon' href='https:\/\/gi3.cl\/index.php\/proyectos-en-ejecucion\/' target='_self' title='' aria-label=''><\/a><\/div>\n<\/div>\n<div id='slider_339_slide03' class='sa_hover_container' style='padding:5% 5%; margin:0px 2%; background-image:url(&quot;https:\/\/gi3.cl\/wp-content\/uploads\/2023\/06\/proyecto2.png&quot;); background-position:left top; background-size:100% 100%; background-repeat:no-repeat; '><div class='sa_hover_buttons' style='bottom:0px; left:50%; margin-left:-20px;'><a class='sa_slide_link_icon' href='https:\/\/gi3.cl\/index.php\/proyectos-en-ejecucion\/' target='_self' title='' aria-label=''><\/a><\/div>\n<\/div>\n<div id='slider_339_slide04' class='sa_hover_container' style='padding:5% 5%; margin:0px 2%; background-image:url(&quot;https:\/\/gi3.cl\/wp-content\/uploads\/2023\/06\/proyecto5.png&quot;); background-position:left top; background-size:100% 100%; background-repeat:no-repeat; '><div class='sa_hover_buttons' style='bottom:0px; left:50%; margin-left:-20px;'><a class='sa_slide_link_icon' href='https:\/\/gi3.cl\/index.php\/proyectos-en-ejecucion\/' target='_self' title='' aria-label=''><\/a><\/div>\n<\/div>\n<div id='slider_339_slide05' class='sa_hover_container' style='padding:5% 5%; margin:0px 2%; background-image:url(&quot;https:\/\/gi3.cl\/wp-content\/uploads\/2023\/06\/proyecto3-scaled.jpg&quot;); background-position:left top; background-size:100% 100%; background-repeat:no-repeat; '><div class='sa_hover_buttons' style='bottom:0px; left:50%; margin-left:-20px;'><a class='sa_slide_link_icon' href='https:\/\/gi3.cl\/index.php\/proyectos-en-ejecucion\/' target='_self' title='' aria-label=''><\/a><\/div>\n<\/div>\n<\/div>\n<\/div>\n<script type='text\/javascript'>\n\tjQuery(document).ready(function() {\n\t\tjQuery('#slider_339').owlCarousel({\n\t\t\tresponsive:{\n\t\t\t\t0:{ items:3 },\n\t\t\t\t480:{ items:3 },\n\t\t\t\t768:{ items:3 },\n\t\t\t\t980:{ items:3 },\n\t\t\t\t1200:{ items:3 },\n\t\t\t\t1500:{ items:3 }\n\t\t\t},\n\t\t\tautoplay : true,\n\t\t\tautoplayTimeout : 5000,\n\t\t\tautoplayHoverPause : true,\n\t\t\tsmartSpeed : 200,\n\t\t\tfluidSpeed : 200,\n\t\t\tautoplaySpeed : 200,\n\t\t\tnavSpeed : 200,\n\t\t\tdotsSpeed : 200,\n\t\t\tloop : true,\n\t\t\tnav : true,\n\t\t\tnavText : ['Previous','Next'],\n\t\t\tdots : true,\n\t\t\tresponsiveRefreshRate : 200,\n\t\t\tslideBy : 1,\n\t\t\tmergeFit : true,\n\t\t\tautoHeight : false,\n\t\t\tmouseDrag : false,\n\t\t\ttouchDrag : true\n\t\t});\n\t\tjQuery('#slider_339').css('visibility', 'visible');\n\t\tsa_resize_slider_339();\n\t\twindow.addEventListener('resize', sa_resize_slider_339);\n\t\tfunction sa_resize_slider_339() {\n\t\t\tvar min_height = '100';\n\t\t\tvar win_width = jQuery(window).width();\n\t\t\tvar slider_width = jQuery('#slider_339').width();\n\t\t\tif (win_width < 480) {\n\t\t\t\tvar slide_width = slider_width \/ 3;\n\t\t\t} else if (win_width < 768) {\n\t\t\t\tvar slide_width = slider_width \/ 3;\n\t\t\t} else if (win_width < 980) {\n\t\t\t\tvar slide_width = slider_width \/ 3;\n\t\t\t} else if (win_width < 1200) {\n\t\t\t\tvar slide_width = slider_width \/ 3;\n\t\t\t} else if (win_width < 1500) {\n\t\t\t\tvar slide_width = slider_width \/ 3;\n\t\t\t} else {\n\t\t\t\tvar slide_width = slider_width \/ 3;\n\t\t\t}\n\t\t\tslide_width = Math.round(slide_width);\n\t\t\tvar slide_height = '0';\n\t\t\tif (min_height == 'aspect43') {\n\t\t\t\tslide_height = (slide_width \/ 4) * 3;\t\t\t\tslide_height = Math.round(slide_height);\n\t\t\t} else if (min_height == 'aspect169') {\n\t\t\t\tslide_height = (slide_width \/ 16) * 9;\t\t\t\tslide_height = Math.round(slide_height);\n\t\t\t} else {\n\t\t\t\tslide_height = (slide_width \/ 100) * min_height;\t\t\t\tslide_height = Math.round(slide_height);\n\t\t\t}\n\t\t\tjQuery('#slider_339 .owl-item .sa_hover_container').css('min-height', slide_height+'px');\n\t\t}\n\t\tvar owl_goto = jQuery('#slider_339');\n\t\tjQuery('.slider_339_goto1').click(function(event){\n\t\t\towl_goto.trigger('to.owl.carousel', 0);\n\t\t});\n\t\tjQuery('.slider_339_goto2').click(function(event){\n\t\t\towl_goto.trigger('to.owl.carousel', 1);\n\t\t});\n\t\tjQuery('.slider_339_goto3').click(function(event){\n\t\t\towl_goto.trigger('to.owl.carousel', 2);\n\t\t});\n\t\tjQuery('.slider_339_goto4').click(function(event){\n\t\t\towl_goto.trigger('to.owl.carousel', 3);\n\t\t});\n\t\tjQuery('.slider_339_goto5').click(function(event){\n\t\t\towl_goto.trigger('to.owl.carousel', 4);\n\t\t});\n\t\tvar resize_339 = jQuery('.owl-carousel');\n\t\tresize_339.on('initialized.owl.carousel', function(e) {\n\t\t\tif (typeof(Event) === 'function') {\n\t\t\t\twindow.dispatchEvent(new Event('resize'));\n\t\t\t} else {\n\t\t\t\tvar evt = window.document.createEvent('UIEvents');\n\t\t\t\tevt.initUIEvent('resize', true, false, window, 0);\n\t\t\t\twindow.dispatchEvent(evt);\n\t\t\t}\n\t\t});\n\t});\n<\/script>\n\n\n\n\n<h2 class=\"wp-block-heading has-text-align-center\">Nuestros Diferenciadores<\/h2>\n","protected":false},"excerpt":{"rendered":"<p>Nuestra Experiencia Actualmente nuestra compa\u00f1\u00eda tiene presencia en las \u00e1reas:\u25aa Miner\u00eda\u25aa Energ\u00eda\u25aa Industrial\u25aa InfraestructuraA trav\u00e9s de las t\u00e9cnicas y buenas practicas de Gesti\u00f3n de proyectos junto a nuestroconvenio de Partners entregamos el mejor soporte a nuestros clientes para el desarrollo &hellip; <a href=\"https:\/\/gi3.cl\/\">Continuar<\/a><\/p>\n","protected":false},"author":1,"featured_media":0,"parent":0,"menu_order":0,"comment_status":"closed","ping_status":"open","template":"","meta":{"_joinchat":[]},"_links":{"self":[{"href":"https:\/\/gi3.cl\/index.php\/wp-json\/wp\/v2\/pages\/2"}],"collection":[{"href":"https:\/\/gi3.cl\/index.php\/wp-json\/wp\/v2\/pages"}],"about":[{"href":"https:\/\/gi3.cl\/index.php\/wp-json\/wp\/v2\/types\/page"}],"author":[{"embeddable":true,"href":"https:\/\/gi3.cl\/index.php\/wp-json\/wp\/v2\/users\/1"}],"replies":[{"embeddable":true,"href":"https:\/\/gi3.cl\/index.php\/wp-json\/wp\/v2\/comments?post=2"}],"version-history":[{"count":42,"href":"https:\/\/gi3.cl\/index.php\/wp-json\/wp\/v2\/pages\/2\/revisions"}],"predecessor-version":[{"id":343,"href":"https:\/\/gi3.cl\/index.php\/wp-json\/wp\/v2\/pages\/2\/revisions\/343"}],"wp:attachment":[{"href":"https:\/\/gi3.cl\/index.php\/wp-json\/wp\/v2\/media?parent=2"}],"curies":[{"name":"wp","href":"https:\/\/api.w.org\/{rel}","templated":true}]}}