{"id":190,"date":"2023-05-18T16:27:49","date_gmt":"2023-05-18T16:27:49","guid":{"rendered":"https:\/\/gi3.cl\/nueva\/?page_id=190"},"modified":"2024-12-08T14:58:20","modified_gmt":"2024-12-08T14:58:20","slug":"proyectos-en-ejecucion","status":"publish","type":"page","link":"https:\/\/gi3.cl\/index.php\/proyectos-en-ejecucion\/","title":{"rendered":"Proyectos en Ejecuci\u00f3n"},"content":{"rendered":"\n<figure class=\"wp-block-image size-large\"><img decoding=\"async\" loading=\"lazy\" width=\"1024\" height=\"576\" src=\"https:\/\/gi3.cl\/nueva\/wp-content\/uploads\/2023\/05\/INSPECCION-DE-OBRAS-1024x576.png\" alt=\"\" class=\"wp-image-228\" srcset=\"https:\/\/gi3.cl\/wp-content\/uploads\/2023\/05\/INSPECCION-DE-OBRAS-1024x576.png 1024w, https:\/\/gi3.cl\/wp-content\/uploads\/2023\/05\/INSPECCION-DE-OBRAS-300x169.png 300w, https:\/\/gi3.cl\/wp-content\/uploads\/2023\/05\/INSPECCION-DE-OBRAS-768x432.png 768w, https:\/\/gi3.cl\/wp-content\/uploads\/2023\/05\/INSPECCION-DE-OBRAS.png 1400w\" sizes=\"(max-width: 1024px) 100vw, 1024px\" \/><\/figure>\n\n\n\n<div class=\"wp-block-columns is-layout-flex wp-container-4\">\n<div class=\"wp-block-column is-vertically-aligned-center is-layout-flow\">\n<figure class=\"wp-block-image size-full is-resized\"><img decoding=\"async\" loading=\"lazy\" src=\"https:\/\/gi3.cl\/nueva\/wp-content\/uploads\/2023\/05\/enap.jpg\" alt=\"\" class=\"wp-image-219\" width=\"256\" height=\"204\" srcset=\"https:\/\/gi3.cl\/wp-content\/uploads\/2023\/05\/enap.jpg 500w, https:\/\/gi3.cl\/wp-content\/uploads\/2023\/05\/enap-300x240.jpg 300w\" sizes=\"(max-width: 256px) 100vw, 256px\" \/><\/figure>\n<\/div>\n\n\n\n<div class=\"wp-block-column is-vertically-aligned-center is-layout-flow\">\n<figure class=\"wp-block-image size-full\"><img decoding=\"async\" loading=\"lazy\" width=\"421\" height=\"120\" src=\"https:\/\/gi3.cl\/nueva\/wp-content\/uploads\/2023\/05\/logo-cocon.png\" alt=\"\" class=\"wp-image-239\" srcset=\"https:\/\/gi3.cl\/wp-content\/uploads\/2023\/05\/logo-cocon.png 421w, https:\/\/gi3.cl\/wp-content\/uploads\/2023\/05\/logo-cocon-300x86.png 300w\" sizes=\"(max-width: 421px) 100vw, 421px\" \/><\/figure>\n<\/div>\n\n\n\n<div class=\"wp-block-column is-vertically-aligned-center is-layout-flow\"><\/div>\n<\/div>\n\n\n\n<ul>\n<li>Servicio de Inspecci\u00f3n Tecnica de Obras, Habilitaci\u00f3n DESAM Concon.<\/li>\n\n\n\n<li>Servicio de Inspecci\u00f3n Tecnica de Obras, Infraestructura Educacional Conc\u00f3n.<\/li>\n\n\n\n<li>Servicio de Asesoria en Cuantificaci\u00f3n de da\u00f1os en claims para Proyecto Trabajos de Construcci\u00f3n y Montaje de Obras Civiles para Departamento de Ingenier\u00eda.<\/li>\n\n\n\n<li>Servicio de Asesor\u00eda en Cuantificaci\u00f3n de da\u00f1os en claims para Proyecto \u201cConstrucci\u00f3n Dique de Arranque y Montaje Electromec\u00e1nico.<\/li>\n\n\n\n<li>Servicio de Planificaci\u00f3n \u201cServicio de limpieza y harneado de catalizador PAS, divisi\u00f3n Ventanas CODELCO\u201d.<\/li>\n\n\n\n<li>Servicio de Planificaci\u00f3n \u201cServicio de cambio de catalizadores en reactores de ENAP Refiner\u00edas S.A.\u201d<\/li>\n\n\n\n<li>Servicios de an\u00e1lisis de responsabilidades contrato marco \u201cServicio de Cambio de catalizadores en reactores de ENAP Refinerias S.A.\u201d<\/li>\n<\/ul>\n","protected":false},"excerpt":{"rendered":"","protected":false},"author":1,"featured_media":0,"parent":0,"menu_order":0,"comment_status":"closed","ping_status":"closed","template":"","meta":{"_joinchat":[]},"_links":{"self":[{"href":"https:\/\/gi3.cl\/index.php\/wp-json\/wp\/v2\/pages\/190"}],"collection":[{"href":"https:\/\/gi3.cl\/index.php\/wp-json\/wp\/v2\/pages"}],"about":[{"href":"https:\/\/gi3.cl\/index.php\/wp-json\/wp\/v2\/types\/page"}],"author":[{"embeddable":true,"href":"https:\/\/gi3.cl\/index.php\/wp-json\/wp\/v2\/users\/1"}],"replies":[{"embeddable":true,"href":"https:\/\/gi3.cl\/index.php\/wp-json\/wp\/v2\/comments?post=190"}],"version-history":[{"count":5,"href":"https:\/\/gi3.cl\/index.php\/wp-json\/wp\/v2\/pages\/190\/revisions"}],"predecessor-version":[{"id":364,"href":"https:\/\/gi3.cl\/index.php\/wp-json\/wp\/v2\/pages\/190\/revisions\/364"}],"wp:attachment":[{"href":"https:\/\/gi3.cl\/index.php\/wp-json\/wp\/v2\/media?parent=190"}],"curies":[{"name":"wp","href":"https:\/\/api.w.org\/{rel}","templated":true}]}}