{"id":165,"date":"2023-05-18T16:09:39","date_gmt":"2023-05-18T16:09:39","guid":{"rendered":"https:\/\/gi3.cl\/nueva\/?page_id=165"},"modified":"2023-05-25T15:22:49","modified_gmt":"2023-05-25T15:22:49","slug":"direccion-y-gestion-de-proyectos-2","status":"publish","type":"page","link":"https:\/\/gi3.cl\/index.php\/direccion-y-gestion-de-proyectos-2\/","title":{"rendered":"Direcci\u00f3n y Gesti\u00f3n de Proyectos"},"content":{"rendered":"\n<div class=\"wp-block-cover\"><span aria-hidden=\"true\" class=\"wp-block-cover__background has-background-dim\"><\/span><img decoding=\"async\" loading=\"lazy\" width=\"1024\" height=\"576\" class=\"wp-block-cover__image-background wp-image-223\" alt=\"\" src=\"https:\/\/gi3.cl\/nueva\/wp-content\/uploads\/2023\/05\/Direccion-y-gestion-de-proyectos-1024x576.png\" data-object-fit=\"cover\" srcset=\"https:\/\/gi3.cl\/wp-content\/uploads\/2023\/05\/Direccion-y-gestion-de-proyectos-1024x576.png 1024w, https:\/\/gi3.cl\/wp-content\/uploads\/2023\/05\/Direccion-y-gestion-de-proyectos-300x169.png 300w, https:\/\/gi3.cl\/wp-content\/uploads\/2023\/05\/Direccion-y-gestion-de-proyectos-768x432.png 768w, https:\/\/gi3.cl\/wp-content\/uploads\/2023\/05\/Direccion-y-gestion-de-proyectos-1536x864.png 1536w, https:\/\/gi3.cl\/wp-content\/uploads\/2023\/05\/Direccion-y-gestion-de-proyectos-1778x1000.png 1778w, https:\/\/gi3.cl\/wp-content\/uploads\/2023\/05\/Direccion-y-gestion-de-proyectos-889x500.png 889w, https:\/\/gi3.cl\/wp-content\/uploads\/2023\/05\/Direccion-y-gestion-de-proyectos-180x100.png 180w, https:\/\/gi3.cl\/wp-content\/uploads\/2023\/05\/Direccion-y-gestion-de-proyectos.png 1920w\" sizes=\"(max-width: 1024px) 100vw, 1024px\" \/><div class=\"wp-block-cover__inner-container\">\n<p class=\"has-text-align-center has-large-font-size\"><\/p>\n<\/div><\/div>\n\n\n\n<div style=\"height:23px\" aria-hidden=\"true\" class=\"wp-block-spacer\"><\/div>\n\n\n\n<p class=\"has-very-light-gray-background-color has-background\">Nuestra capacidad t\u00e9cnica nos permite desarrollar servicios integrales de administraci\u00f3n y gesti\u00f3n de proyectos, en las \u00e1reas infraestructura, edificaci\u00f3n, energ\u00eda e inmobiliario, ofreciendo herramientas en cada una de las etapas del proyecto.<\/p>\n\n\n\n<p><strong>Los servicios son:<\/strong><\/p>\n\n\n\n<ul>\n<li>Gerenciamiento de proyectos.<\/li>\n\n\n\n<li>Manejo de portafolio de proyectos.<\/li>\n\n\n\n<li>An\u00e1lisis de estado en proyecto.<\/li>\n\n\n\n<li>Coordinaci\u00f3n de proyectos con metodolog\u00eda BIM.<\/li>\n\n\n\n<li>Gesti\u00f3n de Claims.<\/li>\n\n\n\n<li>Coordinaci\u00f3n de Proyectos BIM.<\/li>\n<\/ul>\n","protected":false},"excerpt":{"rendered":"<p>Nuestra capacidad t\u00e9cnica nos permite desarrollar servicios integrales de administraci\u00f3n y gesti\u00f3n de proyectos, en las \u00e1reas infraestructura, edificaci\u00f3n, energ\u00eda e inmobiliario, ofreciendo herramientas en cada una de las etapas del proyecto. Los servicios son:<\/p>\n","protected":false},"author":1,"featured_media":0,"parent":0,"menu_order":0,"comment_status":"closed","ping_status":"closed","template":"","meta":{"_joinchat":[]},"_links":{"self":[{"href":"https:\/\/gi3.cl\/index.php\/wp-json\/wp\/v2\/pages\/165"}],"collection":[{"href":"https:\/\/gi3.cl\/index.php\/wp-json\/wp\/v2\/pages"}],"about":[{"href":"https:\/\/gi3.cl\/index.php\/wp-json\/wp\/v2\/types\/page"}],"author":[{"embeddable":true,"href":"https:\/\/gi3.cl\/index.php\/wp-json\/wp\/v2\/users\/1"}],"replies":[{"embeddable":true,"href":"https:\/\/gi3.cl\/index.php\/wp-json\/wp\/v2\/comments?post=165"}],"version-history":[{"count":3,"href":"https:\/\/gi3.cl\/index.php\/wp-json\/wp\/v2\/pages\/165\/revisions"}],"predecessor-version":[{"id":256,"href":"https:\/\/gi3.cl\/index.php\/wp-json\/wp\/v2\/pages\/165\/revisions\/256"}],"wp:attachment":[{"href":"https:\/\/gi3.cl\/index.php\/wp-json\/wp\/v2\/media?parent=165"}],"curies":[{"name":"wp","href":"https:\/\/api.w.org\/{rel}","templated":true}]}}

Dirección y Gestión de Proyectos

<div class="wp-block-cover"><span aria-hidden="true" class="wp-block-cover__background has-background-dim"></span><img decoding="async" loading="lazy" width="1024" height="576" class="wp-block-cover__image-background wp-image-223" alt="" src="https://gi3.cl/nueva/wp-content/uploads/2023/05/Direccion-y-gestion-de-proyectos-1024x576.png" data-object-fit="cover" srcset="https://gi3.cl/wp-content/uploads/2023/05/Direccion-y-gestion-de-proyectos-1024x576.png 1024w, https://gi3.cl/wp-content/uploads/2023/05/Direccion-y-gestion-de-proyectos-300x169.png 300w, https://gi3.cl/wp-content/uploads/2023/05/Direccion-y-gestion-de-proyectos-768x432.png 768w, https://gi3.cl/wp-content/uploads/2023/05/Direccion-y-gestion-de-proyectos-1536x864.png 1536w, https://gi3.cl/wp-content/uploads/2023/05/Direccion-y-gestion-de-proyectos-1778x1000.png 1778w, https://gi3.cl/wp-content/uploads/2023/05/Direccion-y-gestion-de-proyectos-889x500.png 889w, https://gi3.cl/wp-content/uploads/2023/05/Direccion-y-gestion-de-proyectos-180x100.png 180w, https://gi3.cl/wp-content/uploads/2023/05/Direccion-y-gestion-de-proyectos.png 1920w" sizes="(max-width: 1024px) 100vw, 1024px" /><div class="wp-block-cover__inner-container">
<p class="has-text-align-center has-large-font-size"></p>
</div></div>



<div style="height:23px" aria-hidden="true" class="wp-block-spacer"></div>



<p class="has-very-light-gray-background-color has-background">Nuestra capacidad técnica nos permite desarrollar servicios integrales de administración y gestión de proyectos, en las áreas infraestructura, edificación, energía e inmobiliario, ofreciendo herramientas en cada una de las etapas del proyecto.</p>



<p><strong>Los servicios son:</strong></p>



<ul>
<li>Gerenciamiento de proyectos.</li>



<li>Manejo de portafolio de proyectos.</li>



<li>Análisis de estado en proyecto.</li>



<li>Coordinación de proyectos con metodología BIM.</li>



<li>Gestión de Claims.</li>



<li>Coordinación de Proyectos BIM.</li>
</ul>

<p>Nuestra capacidad técnica nos permite desarrollar servicios integrales de administración y gestión de proyectos, en las áreas infraestructura, edificación, energía e inmobiliario, ofreciendo herramientas en cada una de las etapas del proyecto. Los servicios son:</p>
